 of 904095?
True
Does 993 divide 430305?
False
Is 5206920 a multiple of 12?
True
Does 161 divide 24782563?
False
Is 2926318 a multiple of 158?
True
Does 116 divide 1498024?
True
Is 1724723 a multiple of 41?
False
Does 9 divide 55341?
True
Is 13605020 a multiple of 1340?
True
Is 129106 a multiple of 26?
False
Is 10401529 a multiple of 12?
False
Is 5 a factor of 157320?
True
Is 78252 a multiple of 36?
False
Is 6541165 a multiple of 73?
True
Is 27 a factor of 45750?
False
Does 145 divide 15825590?
True
Is 2010084 a multiple of 15?
False
Is 10 a factor of 2462213?
False
Is 88 a factor of 86371?
False
Is 6950745 a multiple of 12?
False
Is 23 a factor of 5345307?
False
Is 17 a factor of 2492217?
True
Is 5850581 a multiple of 85?
False
Is 54 a factor of 4212079?
False
Does 638 divide 284304?
False
Is 79828 a multiple of 10?
False
Does 20 divide 3082373?
False
Is 18585 a multiple of 315?
True
Is 14183728 a multiple of 776?
True
Does 19 divide 31516?
False
Is 9 a factor of 175593?
False
Is 277 a factor of 72304?
False
Does 10 divide 114740?
True
Does 154 divide 9352266?
True
Does 190 divide 40391?
False
Does 855 divide 853290?
True
Is 25818 a multiple of 11?
False
Does 65 divide 152685?
True
Is 2245470 a multiple of 159?
False
Is 9 a factor of 243000?
True
Is 140 a factor of 35980?
True
Is 4 a factor of 539104?
True
Does 584 divide 14114317?
False
Is 18 a factor of 1402218?
True
Does 11 divide 683144?
True
Is 10 a factor of 147504?
False
Does 2 divide 27302?
True
Does 5 divide 309020?
True
Is 86576 a multiple of 18?
False
Is 937965 a multiple of 35?
True
Is 138 a factor of 235704?
True
Is 44326 a multiple of 10?
False
Does 15 divide 565020?
True
Does 28 divide 300720?
True
Is 126281 a multiple of 2?
False
Is 42 a factor of 3654?
True
Does 628 divide 1725744?
True
Is 198 a factor of 3267990?
True
Is 8 a factor of 7179684?
False
Is 218250 a multiple of 75?
True
Does 281 divide 4661532?
False
Is 194254 a multiple of 25?
False
Is 13474 a multiple of 40?
False
Is 484126 a multiple of 115?
False
Does 58 divide 17154312?
True
Is 534 a factor of 284622?
True
Does 13 divide 6955?
True
Does 33 divide 589060?
False
Is 517 a factor of 117876?
True
Is 331781 a multiple of 93?
False
Does 52 divide 140829?
False
Is 33588 a multiple of 21?
False
Is 1880480 a multiple of 160?
True
Does 2 divide 41259?
False
Does 131 divide 616355?
True
Is 38 a factor of 507148?
True
Is 99441 a multiple of 3?
True
Does 13 divide 2025939?
False
Is 2821438 a multiple of 152?
False
Does 15 divide 14566925?
False
Is 423 a factor of 268605?
True
Is 196 a factor of 13364456?
True
Is 3404808 a multiple of 10?
False
Is 2050480 a multiple of 355?
True
Is 21 a factor of 695919?
True
Is 119 a factor of 898935?
False
Does 11 divide 306205?
False
Does 103 divide 3940762?
False
Is 398 a factor of 118604?
True
Is 677047 a multiple of 311?
True
Does 632 divide 2594291?
False
Is 535667 a multiple of 703?
False
Is 8170416 a multiple of 36?
True
Is 553 a factor of 7030289?
True
Does 6 divide 10830?
True
Is 3055928 a multiple of 39?
False
Does 109 divide 201640?
False
Is 73367 a multiple of 47?
True
Is 18734 a multiple of 10?
False
Is 11378411 a multiple of 583?
True
Is 187 a factor of 1371271?
True
Is 232 a factor of 157528?
True
Does 136 divide 419918?
False
Does 1001 divide 307150?
False
Does 34 divide 1893969?
False
Does 10 divide 216440?
True
Is 244227 a multiple of 19?
False
Is 198360 a multiple of 6?
True
Is 112250 a multiple of 125?
True
Does 13 divide 165204?
True
Does 206 divide 662589?
False
Does 1166 divide 6756970?
True
Is 232 a factor of 411844?
False
Is 992739 a multiple of 33?
True
Is 91 a factor of 96005?
True
Is 843570 a multiple of 7?
True
Is 2313883 a multiple of 847?
False
Is 306 a factor of 116280?
True
Is 67 a factor of 323660?
False
Does 3 divide 8?
False
Does 86 divide 40162?
True
Does 20 divide 234920?
True
Is 39 a factor of 22809?
False
Is 4170 a multiple of 8?
False
Is 46 a factor of 1569474?
True
Is 18070596 a multiple of 65?
False
Is 413294 a multiple of 14?
True
Does 38 divide 15233?
False
Is 7 a factor of 32799?
False
Is 8 a factor of 50?
False
Is 2309836 a multiple of 4?
True
Is 22041940 a multiple of 413?
False
Does 138 divide 9610644?
False
Is 14549719 a multiple of 570?
False
Is 575 a factor of 125125?
False
Is 520948 a multiple of 24?
False
Is 13 a factor of 2996378?
False
Is 643536 a multiple of 738?
True
Is 831 a factor of 17954586?
True
Is 3576162 a multiple of 86?
False
Is 3622735 a multiple of 95?
False
Does 81 divide 95661?
True
Is 282268 a multiple of 28?
True
Is 62 a factor of 198839?
False
Is 1344 a factor of 525881?
False
Does 20 divide 96360?
True
Does 238 divide 500676?
False
Does 20 divide 247520?
True
Is 3374286 a multiple of 1183?
False
Does 421 divide 808320?
True
Is 180927 a multiple of 180?
False
Is 124 a factor of 153512?
True
Is 699057 a multiple of 27?
True
Does 365 divide 676087?
False
Is 35 a factor of 167545?
True
Is 33 a factor of 158360?
False
Is 28 a factor of 91280?
True
Is 107 a factor of 21435845?
True
Is 107184 a multiple of 154?
True
Is 51153 a multiple of 177?
True
Is 123 a factor of 2501519?
False
Does 100 divide 298500?
True
Is 1185017 a multiple of 2?
False
Is 463 a factor of 9712400?
False
Is 4 a factor of 42350?
False
Is 20 a factor of 3421920?
True
Is 29303 a multiple of 64?
False
Is 40 a factor of 718976?
False
Does 41 divide 2672995?
True
Does 2 divide 24238?
True
Does 186 divide 5634431?
False
Does 9 divide 69642?
True
Is 9 a factor of 46017?
True
Does 21 divide 665364?
True
Is 36939 a multiple of 21?
True
Is 88660 a multiple of 11?
True
Is 3098178 a multiple of 38?
True
Does 1284 divide 2741570?
False
Does 100 divide 1098586?
False
Is 3424987 a multiple of 62?
False
Is 948636 a multiple of 36?
True
Is 368214 a multiple of 41?
False
Does 597 divide 385014?
False
Is 5217628 a multiple of 247?
True
Is 404475 a multiple of 8?
False
Is 4508779 a multiple of 971?
False
Does 114 divide 5606125?
False
Is 3191948 a multiple of 13?
False
Does 36 divide 1946232?
True
Is 93 a factor of 9524567?
False
Is 1645846 a multiple of 4?
False
Does 560 divide 4573729?
False
Does 565 divide 3409210?
True
Does 213 divide 803496?
False
Is 566913 a multiple of 483?
False
Is 2149125 a multiple of 11?
True
Is 478441 even?
False
Is 17 a factor of 5476343?
False
Is 229 a factor of 440596?
True
Does 33 divide 1765269?
True
Is 365585 even?
False
Is 39 a factor of 1058825?
False
Is 170810 a multiple of 22?
False
Is 152908 even?
True
Is 19 a factor of 14601860?
False
Is 22 a factor of 442573?
False
Is 500 a factor of 89500?
True
Does 65 divide 153043?
False
Is 27 a factor of 36315?
True
Is 434857 a multiple of 92?
False
Does 240 divide 192084?
False
Does 169 divide 1010919?
False
Is 3884005 a multiple of 5?
True
Is 630809 a multiple of 636?
False
Is 2815664 a multiple of 8?
True
Does 10 divide 50158?
False
Does 25 divide 304559?
False
Is 251418 a multiple of 41?
False
Does 263 divide 13424688?
False
Does 11 divide 1763931?
False
Does 72 divide 259344?
True
Is 13 a factor of 3179?
False
Does 63 divide 48145?
False
Is 437245 a multiple of 4?
False
Is 8553905 a multiple of 51?
False
Is 35 a factor of 724430?
True
Is 19 a factor of 10369003?
True
Does 601 divide 2173817?
True
Is 2487167 a multiple of 271?
False
Does 145 divide 1070245?
True
Is 396379 a multiple of 31?
False
Is 7007 a multiple of 69?
False
Is 43215 a multiple of 58?
False
Is 1044025 a multiple of 25?
True
Does 85 divide 3644460?
True
Does 406 divide 8018453?
False
Is 61 a factor of 6946558?
True
Does 9 divide 296676?
True
Does 384 divide 207301?
False
Is 4 a factor of 1445?
False
Is 28540 a multiple of 19?
False
Does 5 divide 310381?
False
Is 12 a factor of 67582?
False
Is 6886 a multiple of 11?
True
Is 3704538 a multiple of 6?
True
Is 159264 a multiple of 72?
True
Is 17263320 a multiple of 526?
True
Is 23 a factor of 4625461?
True
Does 23 divide 77884?
False
Is 524783 a multiple of 61?
True
Is 5078301 a multiple of 53?
True
Does 293 divide 28972?
False
Is 7 a factor of 286034?
True
Is 3467 a multiple of 11?
False
Is 57 a factor of 714593?
False
Does 451 divide 5642010?
True
Is 42 a factor of 4808664?
True
Is 19 a factor of 1944849?
False
Is 487 a factor of 913125?
True
Does 5 divide 22375?
Tru